est common divisor of 719208 and 693?
63
Calculate the greatest common divisor of 7111 and 1165657.
547
Calculate the greatest common divisor of 28227246 and 22.
2
What is the highest common factor of 9625053 and 12?
3
What is the greatest common factor of 23 and 186384479?
23
What is the highest common factor of 50536 and 1020536618?
12634
Calculate the greatest common factor of 5896 and 41424760.
536
Calculate the greatest common factor of 88 and 370348902.
22
Calculate the greatest common factor of 7283 and 890193807.
7283
Calculate the greatest common factor of 43 and 2329935908.
43
Calculate the greatest common factor of 77787 and 18320279.
2881
Calculate the greatest common divisor of 6 and 209012172.
6
What is the highest common divisor of 1780689513 and 2487?
2487
What is the highest common factor of 429 and 645650863?
143
Calculate the greatest common factor of 7080048 and 35424.
432
What is the highest common divisor of 2029236 and 396?
132
What is the highest common divisor of 27450 and 496094700?
9150
What is the highest common factor of 607445 and 83855?
155
Calculate the highest common divisor of 2932846 and 490.
98
What is the highest common divisor of 2818 and 60787078?
2818
Calculate the greatest common factor of 30991 and 3421771.
1823
What is the highest common factor of 23653220 and 1880?
940
What is the greatest common factor of 560 and 271318460?
140
What is the highest common divisor of 15280 and 160056090?
1910
Calculate the highest common divisor of 1767 and 7247397.
93
What is the greatest common divisor of 12 and 45977388?
12
What is the highest common factor of 19427022 and 170?
34
Calculate the greatest common factor of 36 and 4803363.
9
What is the highest common factor of 46212606 and 2673?
891
What is the highest common divisor of 22495704 and 495?
33
What is the greatest common factor of 460578 and 7830?
174
What is the greatest common factor of 9140896 and 253722?
1726
What is the greatest common divisor of 891909 and 15255?
1017
What is the highest common divisor of 34137552 and 786?
786
What is the greatest common factor of 509534248 and 152?
152
What is the greatest common divisor of 48336 and 27279312?
2544
Calculate the greatest common factor of 65 and 18145387.
13
Calculate the highest common divisor of 7 and 84633899.
7
Calculate the highest common divisor of 944 and 648646.
118
Calculate the highest common factor of 39392950 and 10.
10
Calculate the greatest common divisor of 131 and 489004791.
131
Calculate the highest common divisor of 3920775 and 1464.
183
Calculate the greatest common divisor of 2258613 and 63.
63
Calculate the greatest common divisor of 111 and 3439372.
37
Calculate the greatest common factor of 229 and 1499263.
229
What is the greatest common divisor of 8368100 and 90?
10
Calculate the greatest common divisor of 3878 and 593418.
14
Calculate the highest common divisor of 11150 and 79150.
50
Calculate the greatest common factor of 230540 and 21564.
4
What is the greatest common factor of 169425 and 10200?
75
What is the greatest common divisor of 7911655 and 20871?
773
Calculate the greatest common divisor of 45142 and 586.
2
Calculate the greatest common divisor of 2133 and 4331421.
27
What is the highest common factor of 17075922 and 204?
102
What is the highest common factor of 168 and 41116312?
8
What is the greatest common divisor of 7601884 and 344?
172
What is the highest common factor of 12 and 2520762?
6
Calculate the highest common divisor of 59627398 and 34.
34
Calculate the greatest common divisor of 53600 and 118322.
134
What is the greatest common divisor of 70 and 1418165?
35
Calculate the highest common divisor of 757736 and 8281.
49
What is the highest common factor of 5171400 and 272?
136
Calculate the greatest common divisor of 357 and 53215722.
21
Calculate the highest common divisor of 130 and 853610.
10
Calculate the highest common divisor of 9432780 and 11766.
222
What is the greatest common factor of 469 and 1700393?
67
Calculate the highest common factor of 1547334 and 1586156.
5546
What is the greatest common factor of 2 and 5465522?
2
Calculate the greatest common divisor of 152269 and 73882.
901
What is the highest common divisor of 3399644 and 4328?
2164
What is the highest common factor of 577723 and 5053939?
4549
Calculate the greatest common divisor of 10223409 and 2499.
2499
What is the greatest common divisor of 2060505 and 49680?
135
What is the highest common divisor of 750400 and 3728?
16
Calculate the greatest common divisor of 694949 and 574173.
487
Calculate the greatest common factor of 247 and 649157990.
247
What is the greatest common factor of 77301 and 546833?
2863
What is the highest common divisor of 35340 and 750576?
228
Calculate the greatest common divisor of 10764594 and 20022.
426
What is the highest common divisor of 29588 and 2418819?
7397
What is the highest common divisor of 7748 and 365810198?
3874
What is the greatest common divisor of 59710 and 32341495?
4265
Calculate the highest common divisor of 780 and 10192000.
260
Calculate the greatest common factor of 26 and 12844468.
26
Calculate the highest common factor of 1448046444 and 13572.
4524
Calculate the greatest common factor of 15256532 and 51904.
3244
Calculate the greatest common factor of 62826 and 2433234.
1698
Calculate the highest common factor of 1 and 25496024.
1
What is the greatest common divisor of 1584 and 43900?
4
Calculate the greatest common factor of 2254 and 1064854.
322
Calculate the highest common factor of 12814770 and 3750.
30
What is the highest common divisor of 96 and 600348768?
96
What is the highest common factor of 28461 and 14781462?
537
Calculate the highest common divisor of 882548 and 172996.
244
What is the highest common factor of 10021415 and 5?
5
Calculate the greatest common divisor of 359805 and 14977.
17
Calculate the highest common factor of 232 and 50276894.
58
Calculate the greatest common divisor of 33541 and 4717443.
1973
Calculate the highest common divisor of 272714299 and 11.
11
Calculate the greatest common divisor of 42204242 and 12858.
4286
Calculate the highest common factor of 2457568 and 86.
2
What is the highest common factor of 47976681 and 4188?
1047
Calculate the greatest common factor of 7692916 and 2002.
154
What is the highest common divisor of 2710587 and 297?
33
What is the greatest common divisor of 540 and 1669095?
45
Calculate the highest common divisor of 12 and 145284.
12
What is the greatest common divisor of 5004 and 49190988?
1668
What is the greatest common divisor of 50854 and 793106?
1082
Calculate the greatest common factor of 48559540 and 370.
370
Calculate the highest common divisor of 38111653 and 7903.
1129
What is the highest common divisor of 4012848 and 8316?
756
Calculate the highest common divisor of 203730 and 6330.
30
What is the greatest common factor of 1376382 and 36792?
42
What is the greatest common divisor of 229039181 and 952?
119
Calculate the highest common factor of 2970484 and 1540.
44
What is the greatest common divisor of 200454056 and 1749?
583
Calculate the greatest common factor of 20358 and 1489034.
58
Calculate the highest common divisor of 747 and 630789127.
83
What is the highest common factor of 31328 and 3662560?
352
What is the highest common factor of 2805417624 and 8?
8
Calculate the greatest common divisor of 6230486 and 2466.
274
What is the greatest common divisor of 10516946 and 213?
71
Calculate the greatest common divisor of 663 and 486319.
17
What is the highest common factor of 65387 and 8491?
7
What is the greatest common factor of 8389 and 1912910114?
8389
What is the highest common divisor of 2490 and 3428410035?
1245
Calculate the highest common factor of 21719 and 52478974.
587
Calculate the highest common factor of 241 and 265564889.
241
What is the greatest common factor of 1159 and 168090929?
1159
What is the highest common factor of 240026200 and 250?
50
What is the highest common divisor of 345 and 308565240?
345
Calculate the greatest common divisor of 278307 and 68.
17
Calculate the greatest common factor of 387821930 and 203.
29
What is the highest common factor of 97118745 and 30?
15
Calculate the highest common factor of 1281 and 496